hat are the prime factors of 13582470?
2, 3, 5, 11, 79, 521
What are the prime factors of 12405801?
3, 17, 43, 5657
List the prime factors of 833985.
3, 5, 43, 431
List the prime factors of 421350.
2, 3, 5, 53
List the prime factors of 582257.
13, 44789
List the prime factors of 4366380.
2, 3, 5, 61, 1193
What are the prime factors of 2080533?
3, 7, 13, 7621
What are the prime factors of 1115721?
3, 31, 43
What are the prime factors of 356749?
356749
What are the prime factors of 3991?
13, 307
What are the prime factors of 2312615?
5, 631, 733
What are the prime factors of 1348264?
2, 168533
What are the prime factors of 307048?
2, 7, 5483
What are the prime factors of 9655992?
2, 3, 41, 3271
List the prime factors of 1620373.
23, 70451
What are the prime factors of 1365946?
2, 151, 4523
List the prime factors of 297140.
2, 5, 83, 179
What are the prime factors of 1328278?
2, 7, 17, 5581
What are the prime factors of 1852274?
2, 761, 1217
List the prime factors of 90834.
2, 3, 15139
What are the prime factors of 804960?
2, 3, 5, 13, 43
What are the prime factors of 861659?
861659
List the prime factors of 1792597.
23, 59, 1321
What are the prime factors of 74248?
2, 9281
What are the prime factors of 1859223?
3, 619741
What are the prime factors of 13037188?
2, 97, 33601
What are the prime factors of 5556618?
2, 3, 308701
What are the prime factors of 27949014?
2, 3, 1552723
What are the prime factors of 254434?
2, 127217
List the prime factors of 19308319.
31, 622849
List the prime factors of 143961.
3, 47, 1021
What are the prime factors of 3246682?
2, 19, 85439
What are the prime factors of 43871?
19, 2309
List the prime factors of 2317395.
3, 5, 154493
List the prime factors of 7644423.
3, 2548141
List the prime factors of 14385936.
2, 3, 107, 2801
What are the prime factors of 24404267?
463, 52709
List the prime factors of 172765.
5, 109, 317
List the prime factors of 3044.
2, 761
What are the prime factors of 1066173?
3, 277, 1283
What are the prime factors of 301521?
3, 11, 9137
List the prime factors of 228662.
2, 7, 16333
What are the prime factors of 1814991?
3, 604997
List the prime factors of 732773.
19, 38567
List the prime factors of 960478.
2, 563, 853
List the prime factors of 8325332.
2, 1201, 1733
What are the prime factors of 235556?
2, 58889
What are the prime factors of 293372?
2, 71, 1033
List the prime factors of 118343.
118343
What are the prime factors of 1389831?
3, 19, 37, 659
What are the prime factors of 10034622?
2, 3, 13, 19, 37, 61
What are the prime factors of 1068662?
2, 7, 76333
What are the prime factors of 2836968?
2, 3, 43, 2749
What are the prime factors of 2613025?
5, 127, 823
What are the prime factors of 369555?
3, 5, 71, 347
What are the prime factors of 17652011?
13, 223, 6089
What are the prime factors of 5135089?
1451, 3539
What are the prime factors of 890665?
5, 53, 3361
List the prime factors of 222781.
13, 17137
What are the prime factors of 1333215?
3, 5, 13, 43, 53
What are the prime factors of 585362?
2, 541
List the prime factors of 2812239.
3, 71, 163
List the prime factors of 79994.
2, 23, 37, 47
What are the prime factors of 113348?
2, 43, 659
List the prime factors of 1182263.
991, 1193
What are the prime factors of 207565?
5, 41513
What are the prime factors of 4088529?
3, 163, 929
What are the prime factors of 259447?
401, 647
List the prime factors of 6130512.
2, 3, 23, 617
What are the prime factors of 839756?
2, 209939
List the prime factors of 2196668.
2, 549167
List the prime factors of 352760.
2, 5, 8819
List the prime factors of 31733312.
2, 13, 43, 887
List the prime factors of 6056318.
2, 17, 178127
What are the prime factors of 213061?
17, 83, 151
List the prime factors of 1726498.
2, 47, 18367
What are the prime factors of 342038?
2, 19, 9001
What are the prime factors of 1633039?
1633039
What are the prime factors of 430907?
430907
What are the prime factors of 6587930?
2, 5, 29, 22717
What are the prime factors of 6899218?
2, 23, 6521
List the prime factors of 541560.
2, 3, 5, 4513
List the prime factors of 581529.
3, 13, 31, 37
What are the prime factors of 259912?
2, 53, 613
List the prime factors of 6035378.
2, 3017689
What are the prime factors of 383948?
2, 95987
List the prime factors of 11874894.
2, 3, 1979149
What are the prime factors of 583091?
19, 30689
What are the prime factors of 261086?
2, 7, 17, 1097
What are the prime factors of 300963?
3, 13, 7717
List the prime factors of 1256277.
3, 11, 38069
List the prime factors of 23324520.
2, 3, 5, 194371
List the prime factors of 633599.
633599
What are the prime factors of 893294?
2, 446647
List the prime factors of 3265291.
43, 75937
What are the prime factors of 1016935?
5, 203387
List the prime factors of 8186146.
2, 17, 240769
What are the prime factors of 2055277?
7, 89, 3299
What are the prime factors of 615584?
2, 19237
What are the prime factors of 1289995?
5, 7, 36857
What are the prime factors of 65205?
3, 5, 7, 23
What are the prime factors of 304500?
2, 3, 5, 7, 29
List the prime factors of 7138979.
71, 100549
List the prime factors of 38851313.
41, 97, 9769
What are the prime factors of 67504?
2, 4219
What are the prime factors of 4058576?
2, 253661
What are the prime factors of 567944?
2, 13, 43, 127
List the prime factors of 345454.
2, 53, 3259
List the prime factors of 525769.
525769
What are the prime factors of 213842?
2, 106921
What are the prime factors of 2433614?
2, 1216807
List the prime factors of 11291953.
1171, 9643
List the prime factors of 878714.
2, 439357
List the prime factors of 291933.
3, 163, 199
List the prime factors of 45479.
7, 73, 89
What are the prime factors of 4606431?
3, 1535477
List the prime factors of 19851155.
5, 17, 47, 4969
List the prime factors of 116688.
2, 3, 11, 13, 17
What are the prime factors of 344062?
2, 172031
What are the prime factors of 1104936?
2, 3, 7, 6577
What are the prime factors of 4452349?
11, 43, 9413
List the prime factors of 658724.
2, 11, 1361
What are the prime factors of 2943788?
2, 17, 43291
List the prime factors of 927274.
2, 541, 857
List the prime factors of 324174.
2, 3, 97, 557
What are the prime factors of 880605?
3, 5, 11, 593
List the prime factors of 4067962.
2, 53, 38377
What are the prime factors of 181668?
2, 3, 15139
What are the prime factors of 197879?
11, 17989
What are the prime factors of 934544?
2, 13, 4493
What are the prime factors of 673107?
3, 89, 2521
What are the prime factors of 372686?
2, 186343
What are the prime factors of 347600?
2, 5, 11, 79
List the prime factors of 6414418.
2, 509, 6301
What are the prime factors of 1312458?
2, 3, 7, 31249
List the prime factors of 907646.
2, 453823
What are the prime factors of 584575?
5, 67, 349
List the prime factors of 289186.
2, 144593
List the prime factors of 9484319.
13, 67, 10889
List the prime factors of 72621.
3, 8069
What are the prime factors of 916499?
149, 6151
List the prime factors of 5114938.
2, 31, 82499
List the prime factors of 911321.
911321
What are the prime factors of 268391?
59, 4549
List the prime factors of 318751.
318751
List the prime factors of 744387.
3, 7, 35447
List the prime factors of 204109.
401, 509
What are the prime factors of 539605?
5, 11, 9811
List the prime factors of 10431090.
2, 3, 5, 115901
What are the prime factors of 163166?
2, 17, 4799
List the prime factors of 589059.
3, 21817
What are the prime factors of 1315532?
2, 328883
List the prime factors of 229569.
3, 59, 1297
List the prime factors of 7206418.
2, 61, 59069
What are the prime factors of 26256799?
2579, 10181
List the prime factors of 2639639.
2639639
List the prime factors of 83714.
2, 19, 2203
List the prime factors of 630827.
630827
List the prime factors of 215122.
2, 29, 3709
List the prime factors of 245879.
19, 12941
List the prime factors of 11588009.
11588009
What are the prime factors of 446715?
3, 5, 1103
What are the prime factors of 3499894?
2, 29, 60343
List the prime factors of 14671539.
3, 23, 70877
List the prime factors of 893234.
2, 31, 14407
List the prime factors of 8581590.
2, 3, 5, 97, 983
What are the prime factors of 14939832?
2, 3, 622493
List the prime factors of 3751138.
2, 1875569
What are the prime factors of 4108548?
2, 3, 